2 + 4*s - 3. Determine l(v).
1
Let w(m) = 2 + m**3 - 1 - 3 - 3*m + 5*m - 6*m**2. Give w(6).
10
Let r be 0/(5 + (-6)/2). Let i(m) = m**2 - 4. What is i(r)?
-4
Suppose -g - 14 = -4*l - 4*g, 2*g = 3*l - 2. Let w(k) be the first derivative of -1/2*k**2 + l - 7*k. Determine w(-5).
-2
Let m(q) be the second derivative of -q**5/20 + q**4/4 - q**3/6 - 3*q. Determine m(2).
2
Suppose -150 = 10*f - 35*f. Let k(g) = 5*g - 2*g - 10 - 2*g. What is k(f)?
-4
Suppose x - 6*x = -25. Suppose -5*p + 4*p - x = 0. Let h = -10 - p. Let m(s) = -s**2 - 5*s + 4. Give m(h).
4
Let f(d) = d. Let c(b) = b - 10. Let u(g) = -c(g) - f(g). Give u(7).
-4
Let h(w) = w + 2 + 0 + 0*w. Let c = 4 + 13. Suppose -2*q + 2*l = 3*q + c, -3*l - 12 = 0. Calculate h(q).
-3
Suppose 1 = 5*v - 4. Let r(o) = -8*o - v + 10*o - o. Let z(s) = s**2 - 2*s + 3. Let x be z(2). Calculate r(x).
2
Let y(j) be the second derivative of -1/6*j**4 + 0 - 1/6*j**3 - 3*j + 1/2*j**2. Let n be (0/(-1) + -1)*-1. Give y(n).
-2
Let j(h) = h**3 + 5*h**2 + 6*h + 4. Let o be (-2 + (-16)/(-20))/((-3)/(-10)). What is j(o)?
-4
Let o(w) be the second derivative of w + 6*w**2 - 1/6*w**3 + 0. Let t be o(10). Let p(r) = 3*r - 3. Calculate p(t).
3
Let s(p) = p**2 + 5*p - 8. Let u(f) = -f**3 + 6*f**2 + f + 6. Let j be u(6). Let c = -18 + j. Determine s(c).
-2
Let m(t) = -t**2 - t. Let p be m(0). Let c(h) = -3*h + p*h + h - 1. Give c(-3).
5
Let w(x) = 0 - 3 + x + 2. Let a = 46 - 44. What is w(a)?
1
Suppose 0 = -3*u + u + 6. Let t be (2 + -7)*3/(-5). Let m(g) = 3 + 5*g**2 + g**3 + 0 + g**u - g**t + 3*g. What is m(-4)?
7
Let c(p) = p - 4. Let g(s) = -s - 1. Let f(z) = -c(z) - 2*g(z). Let o be f(-5). Let i(l) be the first derivative of 2*l**3 + l**2/2 - l + 10. Calculate i(o).
6
Let b be (0 - -2) + -2 - -4. Let o(j) = 5*j**2 + 3*j**3 + 2 - b - j - 4*j**3 - j. Determine o(4).
6
Let j(q) = q**2 + 4*q - 7. Suppose -2*h - 22 = -b + 4*b, 0 = 4*b + 16. Give j(h).
-2
Let f(v) = 6*v**2 - 3*v - 1. Let o(z) = -13*z**2 + 7*z + 2. Let g = 4 + -7. Let b(w) = g*o(w) - 7*f(w). Let l = 1 - -1. Determine b(l).
-11
Suppose -f + 2*v - 8 = -0*f, -5*v = 2*f - 20. Let m(i) = -i**2 - i + 3. Calculate m(f).
3
Let w(r) = -r. Let n be w(0). Let l(t) = t**2. Calculate l(n).
0
Let p be ((-8)/(-3) + -2)*3. Suppose -3*x = -2*x + p. Let c(w) = -w + 1. Determine c(x).
3
Let j(d) = d**3 + 3*d**2 - 6*d - 4. Let b be j(-4). Suppose 5*q - 4*x = -8, b*q = -3*x - x + 8. Let u(s) = q*s + 4 + 2*s - s. Give u(-2).
2
Let l(x) = 9*x + 2. Let i(p) = -6*p - 1. Let d(q) = -8*i(q) - 5*l(q). Let s(k) = 2*k - 1. Let j(f) = 4*d(f) - 5*s(f). Calculate j(-3).
-9
Let b(y) = 5*y**2 - y. Suppose -2*z + 5*p = -4*z + 23, 10 = 2*p. Calculate b(z).
6
Let n be 1/3 - (-15)/9. Let p be (4 + -2 + 0)*n. Let i(u) be the third derivative of u**6/120 - u**5/15 + u**4/24 + u**3/2 - 2*u**2. What is i(p)?
7
Let k(v) be the second derivative of 0 + 0*v**3 - 1/720*v**6 - 1/60*v**5 + 0*v**2 - 1/12*v**4 + 2*v. Let l(y) be the third derivative of k(y). Give l(5).
-7
Suppose -5*n = -5*q, -4*n + 2*q = -3*n + 4. Let t(h) = h - 1. What is t(n)?
3
Let y(a) = -4*a - 6. Let t(n) = n + 1. Let p(b) = -16*t(b) - 3*y(b). What is p(2)?
-6
Let o(b) = -3*b**3 + 3*b**2 + 4*b + 1. Let r = 9 + -4. Let w(m) = 8*m - 7*m**3 + 3 - 3 + 6*m**2 - 3 + r. Let j(d) = -5*o(d) + 2*w(d). Calculate j(4).
-1
Let n(k) = -k**2 + 10*k - 14. Let s be n(8). Let m(c) = c**2 + 4*c - 3. Determine m(s).
9
Let a(l) = l**3 - 6*l**2 - 1. Let j be (-15)/9*(-36)/10. Give a(j).
-1
Let g(u) = -10*u + 8*u + 21*u**2 + 3 - 19*u**2. What is g(3)?
15
Let f(b) = 2*b + 15. Let t(w) = 12*w - 70. Let d be t(5). Calculate f(d).
-5
Let j(a) = -a + 6. Let v(p) = p**3 - p**2 + 22. Let x be v(0). Suppose 2*i + d + 3 = 0, 7 = 3*i + 5*d + x. Give j(i).
6
Let s be (1/(-2))/((-8)/(-16)). Let t(r) = -2*r - 2. Let g be t(-2). Let n(d) = -4*d**2 - 2*d**g + 4*d**2. Calculate n(s).
-2
Let f(a) be the first derivative of -a**4/4 + a**3 - a**2/2 + 4*a - 13. Determine f(4).
-16
Let w(t) = -t**2 - 3 - 2*t**2 + 7 + t**3 - 2. Determine w(3).
2
Let y(l) = 3*l**2 - 3*l - 10. Let d(f) = -7*f**2 + 7*f + 19. Let t(r) = 2*d(r) + 5*y(r). Calculate t(0).
-12
Let n(x) = -x + 4. Let g be ((-3)/(-9))/(3/63). Calculate n(g).
-3
Let n = 6 + -11. Let b(d) = -d + 2. Determine b(n).
7
Let x(m) = -m. Let d(p) = -9*p + 1. Let z(i) = -6*d(i) + 51*x(i). Calculate z(4).
6
Let j(x) = x + 1. Let u be j(-1). Let a(y) = -3 + 3*y**2 + 4 + 7*y**2 - 2*y + u*y**2. Calculate a(1).
9
Let j(d) = -d**3 - d**2 - d. Let c = 6 - 4. Let m(h) = 2*h**2 + 0*h**2 - 2 + 2*h**3 + 0*h**c + 2*h. Let r(i) = 3*j(i) + m(i). Determine r(-2).
4
Let o(j) = 16*j**3 - 56*j**2 + 40*j - 19. Let b(a) = 3*a**3 - 11*a**2 + 8*a - 4. Let c(v) = 11*b(v) - 2*o(v). Suppose -13 = -p - 5. Give c(p).
-6
Suppose -o + 6*o - 60 = 0. Let z = -7 + o. Let v(i) = i**3 - 6*i**2 + 6*i + 2. Give v(z).
7
Let h(q) be the first derivative of -q**2/2 - 4*q - 5. What is h(0)?
-4
Let q be (-1 + 2)*-2*2. Let u(p) = -2 + 2*p + p**2 + 0*p + p. Calculate u(q).
2
Suppose 5*h + 3*o + 23 = 4*h, -5*o + 7 = -4*h. Let r(m) = 11 + 6*m**2 + 7*m**3 - 6*m**3 + 10*m + 3*m**2. Determine r(h).
-5
Let g(f) = -2*f + 3. Suppose 3*a - 5*p - 19 = 0, -4*a + 4*p + 31 = 3*p. Suppose 7*r = 3*r + a. Calculate g(r).
-1
Let z(a) = -2*a - 6 - a**2 + a**3 + 10 + 6 + 3*a. Let x = -5 - -5. Determine z(x).
10
Suppose o = -4*o + 10. Let h(t) = 3*t + 1 - 2*t + t**o - 3*t. Let f(x) = -x - 5. Let g be f(-6). Calculate h(g).
0
Let j(x) = 23*x + 11. Let m(w) = -4*w - 2. Let v(s) = 6*j(s) + 34*m(s). Suppose 17*i + 32 - 117 = 0. Determine v(i).
8
Let s(m) be the first derivative of -1/3*m**3 + 7*m + 1 - 3/2*m**2. Calculate s(-6).
-11
Let t = -10 - -15. Let l be t/(15/(-9))*1. Let u(b) = b + 4. Calculate u(l).
1
Let x be (-1*2)/(1 - 0). Let f be x/(-10) - (-12)/15. Let a(p) be the third derivative of -p**4/8 - p**2. Calculate a(f).
-3
Let k(h) = h**3 - 4*h**2 + 2*h - 3. Let p = -1 - -20. Let a be (3 + p)*1/(-2). Let i = -7 - a. What is k(i)?
5
Let x(y) = -5*y + 1 + 21*y - 9*y. Calculate x(-1).
-6
Let a(p) = p - 1. Let r(s) = 10*s - 4. Let t(h) = 8*a(h) - r(h). Give t(-3).
2
Let s(l) = -l**2 + 3*l - 2. Let c(m) = 2*m - 14. Let g be c(10). Let o = -4 + 12. Let v = o - g. Give s(v).
0
Let s(k) = -4*k - 1 + 4 + 0*k. Calculate s(2).
-5
Let y be 8/2 - (26 - -2). Let z = y + 21. Let v(m) = -m**3 - 2*m**2 + 2*m + 2. Give v(z).
5
Suppose 0*w = 4*w - 20. Let h(b) = -w + 5 + 9*b. Give h(-1).
-9
Let j(c) = -c**3 + c**2 + c. Let p(t) = 3*t**3 + 2*t**2 - 9*t - 6. Let h(b) = -4*j(b) - p(b). Give h(5).
6
Let j(r) = -6*r - 4. Let w(k) = 3*k + 2. Let h(q) = 6*j(q) + 11*w(q). Determine h(4).
-14
Let m(j) be the first derivative of j**6/120 - j**5/12 - j**4/8 + 2*j**3/3 - 5*j**2/2 + 1. Let x(d) be the second derivative of m(d). Calculate x(5).
-11
Let t(f) = f - 1. Let z be (0/(-2) - (-2 + 3)) + 13. What is t(z)?
11
Let x(t) = t + 4. Suppose -4*w + 0*a = 5*a - 1, 2*w = 2*a - 22. Determine x(w).
-2
Let k(y) = -y**3 - 2*y**2 - y + 1. Let s = 49 - 51. What is k(s)?
3
Let z(k) = 2*k - 5 + 4 + 2. Let o(c) = c - 7. Let n be o(8). Suppose -2*w = 5 + n. Give z(w).
-5
Let b(q) = q**3 - 8*q**2 - 8*q - 12. Let d be b(9). Let l(t) = -t**2 - 2*t - 1. What is l(d)?
-4
Let f(c) = -c + 4. Suppose 2*n + 7 - 37 = 0. Let m = 1 - 1. Suppose m = -10*q + 5*q + n. What is f(q)?
1
Suppose 3*x + 12 = 2*d - 0*x, 0 = -d + 5*x + 6. Let p(j) = -j. Let c(s) = -s - 3. Let z(t) = -3*c(t) + 6*p(t). Determine z(d).
-9
Let x(y) = 16*y + 5*y**2 - 6 - 4*y**2 - 25*y + 8*y. Determine x(0).
-6
Let u = 11 + 4. Suppose -z - 4*z = -u. Let j(n) = 3 - 16*n**3 + 0 - n - 3*n**2 + 17*n**z. Give j(3).
0
Let k(a) = a**3 + a**2. Suppose 6 = -5*f - 4. Give k(f).
-4
Let b(l) = l**2 + 13*l - 18. Let w be b(-14). Let c be ((-10)/w)/(24/48). Let f(d) = -5*d**2 - d**3 + 8 + 2*d**3 - 3. Give f(c).
5
Let u(t) be the second derivative of -t**4/12 - t**3 - 3*t**2/2 + 33*t. Suppose 5*r + 2 + 18 = 0. Give u(r).
5
Let r(u) = -5*u. Let s = 8 - 9. Let o(b) = -2*b**2 - 2*b - 1. Let c be o(s). What is r(c)?
5
Suppose 4*m - 4 = -3*p + 8*p, 2*m - 2 = -3*p. Let b(u) = u**3 - u**2 + u + 9. Calculate b(p).
9
Let n(g) be the first derivative of g**2 + 1/3*g**3 + 0*g - 1/120*g**6 + 1 - 1/12*g**4 + 1/20*g**5. Let s(q) be the second derivative of n(q). Calculate s(3).
-4
Let w(d) be the first 